y) = 130*y - 78*y - 57*y + 31 + 6. Give h(7).
2
Let i(y) = -5*y**2 - 33*y + 1. Let q(m) = 14*m**2 + 101*m - 4. Let a(o) = -7*i(o) - 2*q(o). Let x be a(-4). Let w(f) = -3*f - 5*f + 1 + 5*f. What is w(x)?
10
Let z = -54 + 56. Let u(n) = -5*n**2 + 5*n**z - 3*n**2 + 2*n**2. Give u(-2).
-4
Let l(a) = 1. Let f(g) = g**2 + g. Suppose 5*b = 4*b + 2, -3*k + 5*b - 7 = 0. Let q(d) = k*f(d) + 2*l(d). Calculate q(3).
14
Let t(c) be the first derivative of -c**3/3 - 7*c**2/2 - c + 266050. Let f = -9 + 5. What is t(f)?
11
Let h(p) be the second derivative of 11/2*p**2 + 1/6*p**3 + 0 - 1/12*p**4 - 88*p. Calculate h(0).
11
Let r(x) = -3 + x**3 + 10*x**2 + 2 - 7*x - 5*x**2. Let p(f) = -4*f + 32. Let m be p(7). Suppose 2*t - 2*k + 12 = -4, t + m*k = 2. Calculate r(t).
5
Let r(s) = -15*s. Let t(h) = 125*h + 4. Let z(k) = -8*r(k) - t(k). Let u(x) = -2*x + 9. Let v be u(7). What is z(v)?
21
Suppose -25 = -5*m + 5*i, -m - 2*i = -i - 1. Let v(d) = -4*d**3 - d**2 - 6*d - 1. Let o be v(m). Let t = 143 + o. Let z(b) = -b**3 + 7*b**2 - 5. Give z(t).
-5
Let k(m) = -2*m + 16. Let z(s) = -107*s**2 + 963*s + 6. Let r be z(9). Give k(r).
4
Let u = -129 + 294. Let x = u + -161. Let d(n) = n**3 - 2*n**2 - 6*n + 6. Calculate d(x).
14
Suppose 5*y + 84 - 124 = 0. Let a(o) = -o - 3 - o**3 + 9 - 2*o**2 + y*o. Calculate a(-4).
10
Suppose t - 5*v = -25, 0 = -t - t - 3*v + 2. Let j(k) = 3*k + 16. Let o be j(t). Let i(l) = -o - 6*l**2 - 1 + 9*l**2 + l**3 - 6*l. Calculate i(-4).
6
Let d = -493 + 433. Suppose -5*p - 2*g = -2*p - 163, 0 = -4*p - 3*g + 216. Let u = d + p. Let f(t) = 2*t**2 + 4*t - 1. What is f(u)?
5
Suppose 4*h + 2*s + 78 = 0, 86 = -123*h + 122*h - 10*s. Let c(y) = 8*y + 116. What is c(h)?
-12
Let m(b) be the first derivative of 3*b**3 - 8 + 1/4*b**4 + 1/2*b**2 + 7*b. Let x be 12/(-30)*(-10)/(-8)*18. Give m(x).
-2
Let q(g) = -g**2 - 13*g - 19. Let i = 28 - 39. Let f be q(i). Let u(o) = 0*o**2 + 3 + 9*o**2 + o**3 - 2*o**f - o + 5. Calculate u(9).
-1
Let h(q) = 14 - 3 + q - 9. Let c be h(9). Let b(w) = 5*w**3 + c*w - 6*w**3 - 3*w - 7*w**2 + 0*w**3 + 10. Give b(-8).
10
Let p(r) = 44 - 30 + 5677*r**2 + 2*r**3 - r - 5703*r**2. Calculate p(13).
1
Let m(y) = -y**3 + 8*y**2 + 10*y - 6. Let g(h) = 4*h - 11. Let o = -43 - -61. Suppose 3*j - o = -2*t - t, -2*t = -4*j - 6. Let p be g(t). Give m(p).
3
Let j = -4 - -4. Suppose 3*g = f + 3, j*f - 1 = f - 5*g. Let m(t) = 509*t + 4 - 35*t**3 - 7*t**2 - 255*t - 259*t + 34*t**3. Give m(f).
-2
Let q(s) = -77*s + 6698. Let u be q(87). Let o(y) be the third derivative of 0*y - 1/3*y**4 - 1/6*y**3 + 0 - 2*y**2. Determine o(u).
7
Let r(x) = x**2 + 2*x - 557 + 234 + 203. What is r(-12)?
0
Let n(l) = -l + 14. Let m(t) = -10*t - 78. Let f(a) = m(a) + n(a). What is f(-6)?
2
Let j(v) = -v + 4. Let y(d) = 2*d - 8. Let k(o) = -9*j(o) - 4*y(o). Suppose -31*l = -33*l + 14. Suppose -l*m + 8*m + 17 = 3*p, 0 = 3*p + 3*m - 9. Give k(p).
1
Let v(g) be the first derivative of -g**4/12 - 2*g**3/3 - 181*g + 180. Let s(w) be the first derivative of v(w). What is s(-8)?
-32
Let p(i) be the first derivative of i**2 - 3*i + 402. Determine p(-6).
-15
Let t(b) = 24 + 8*b + 3 - b**2 - 30 - 3*b + 2. Let z be -1 + 5 + (-2)/2. Suppose -5*o = 2*l - 21 + z, -3*l + 2 = -5*o. Give t(l).
3
Suppose -3*j - 14 = -2*d + 7*d, -4*d = -2*j - 24. Let q(r) = -3*r + 7. Let g(f) = -37 + 74 - 35 - 82*f + 81*f. Let t(x) = j*g(x) + 3*q(x). What is t(-5)?
10
Let d(r) be the first derivative of r**5/60 - 5*r**4/12 + 3*r**3/2 + 5*r**2/2 - r + 36. Let s(l) be the second derivative of d(l). Determine s(9).
0
Let o(l) = l**2 + 8*l - 1. Let m(q) = -q**2 + 12*q + 94. Let f be m(16). Let g be (-18)/(-5)*(-5)/f*15. Give o(g).
8
Let m be 6/(-8) - (-31)/(-248)*-46. Let j(c) = -c**3 + 5*c**2 + 8*c - 29. Determine j(m).
11
Let i(c) be the third derivative of c**4/24 - 2*c**3/3 + 3*c**2. Suppose 10*o + 2238 = 2318. Determine i(o).
4
Let i(p) = -p**3 - 21*p**2 - 114*p - 15. Let s be i(-11). Let z(j) = -j**2 + 27*j + 54. Give z(s).
-4
Let p(q) = -23*q**2 - 28*q**2 + 14*q + 4 + 52*q**2 - 12. Calculate p(-10).
-48
Let r = -216 - -218. Let m(b) = -1 - r - 270*b + 274*b - 3*b**2. Calculate m(2).
-7
Let q(x) = x**2 - 16*x - 16. Let j(k) = -27*k + k**3 + 8 - 2*k**2 + 39 - 53 + 40. Let c be j(6). Give q(c).
-16
Let l = -35 - -23. Let q be (l/(-10))/(3/15). Let f(d) = 16*d**2 - 47. Let c(a) = 13*a**2 - a - 38. Let h(s) = 5*c(s) - 4*f(s). Calculate h(q).
4
Let s(a) = -51*a - 1. Let u(l) = 264*l + 69. Let p(z) = -5*s(z) - u(z). What is p(-7)?
-1
Let b(a) be the third derivative of -8/3*a**3 + 1/24*a**4 - 2*a**2 + 0 + 22*a. Give b(11).
-5
Let b(i) be the second derivative of -i**3/6 + 9*i**2 - 1782*i. What is b(13)?
5
Let u(z) be the third derivative of z**4/12 - 2*z**3/3 + z**2 + 7. What is u(-1)?
-6
Let r(d) be the first derivative of -d**2 - 29*d - 634. Determine r(-12).
-5
Let u be 4 - 17 - (-7 - 3)/(6 + -4). Let s(q) = -5*q**2 + 15*q - 22. Let c(y) = 2*y**2 - 5*y + 7. Let a(f) = 8*c(f) + 3*s(f). Give a(u).
14
Let y(x) be the third derivative of 5*x**4/24 - 5*x**3/3 - 6*x**2. Suppose -44*a - 273 + 361 = 0. Determine y(a).
0
Let a(p) = p**3 - 4*p**2 + 3*p + 1. Suppose -199 + 185 = 2*t. Let s be 72/(-21)*t*3/6. Suppose g + 0 = 5*k - s, -3 = 3*g - 4*k. Determine a(g).
1
Let w = 5 - 1. Suppose -33 = -15*x + 4*x. Let j(h) = -2*h + x*h - w + 2 + 3. Give j(2).
3
Let o(c) be the first derivative of 43*c**4/4 + c**3/3 - c**2/2 - c - 1836. Calculate o(-1).
-42
Let d(t) be the third derivative of t**4/24 - t**3/6 + t**2. Let u = -23254 - -23256. Calculate d(u).
1
Let m be (4/(-6))/(1/(150/(-20))). Suppose -m*v = -28 + 13. Let x(q) = -q**2 + q + 4. Determine x(v).
-2
Let v(i) = -30*i - 15. Let t be 0 + 6*(-4)/32 - (-30)/40. What is v(t)?
-15
Let f(q) = -9*q**2 - 21*q + 51. Suppose -15*p - 17 = 298. Let j(w) = w**2 + 2*w - 5. Let h(z) = p*j(z) - 2*f(z). Calculate h(-3).
-24
Let n(t) = -t - 10. Let l = 4707 + -4734. Give n(l).
17
Suppose -4*j - x + 29 = 0, -7*j = -4*j + 4*x - 38. Let f(g) = j*g - 28*g + 9 + 21*g. Give f(7).
2
Let b(s) = 2*s**2 + s + 2. Let k(d) = -d**3 - 40*d**2 + 502*d - 15. Let g be k(10). Determine b(g).
57
Let v(b) = 1 - b**2 - 11*b - 4 + 7*b. Suppose 35 = 3*j + z, -8*z + 3*z = j - 35. Suppose 0 = -2*d + 4*n + 10, -j - 5 = d + 2*n. Determine v(d).
-8
Let q(o) = -2104*o + 1059*o - 111 + 1039*o. Determine q(-11).
-45
Let x(l) = -7*l**3 + 9*l**2 + 31*l - 191. Let m(z) = 3*z**3 - 5*z**2 - 16*z + 92. Let r(n) = -5*m(n) - 2*x(n). What is r(8)?
2
Let j(m) = -m**2 + 6*m - 12. Let d(w) = w**2 - 2*w + 6. Let y(c) = -2*d(c) - j(c). Give y(1).
-3
Let c(z) = -6 - 6*z**3 + 1 - 4*z**2 + 2*z + 5*z**3 + 0*z. Suppose 0 = -5*i + 4*g + 136, 0 = 3*i - 0*g + 3*g - 87. Let f = 23 - i. Calculate c(f).
10
Let g(i) = -15*i**2 + 14*i - 16. Let s(x) = 38*x**2 - 28*x + 31. Let w(l) = 5*g(l) + 2*s(l). Calculate w(-18).
54
Let d(m) = -4*m. Suppose -241 = -4*n - 3*k, -2*n + k + 118 = 3*k. Let t = -138 + n. Let i = -76 - t. What is d(i)?
8
Let u(m) = -323*m**2 - 35*m - 39. Let a(d) = -80*d**2 - d + 1. Let j(n) = 4*a(n) - u(n). Calculate j(-8).
-13
Let g = 208 - 206. Let b(s) = -2 - 6*s + g*s + 0. Calculate b(-4).
14
Suppose -447 = -93*w - 141*w + 85*w. Let x(u) be the third derivative of 0 - 1/8*u**4 + 2/3*u**3 + 0*u - u**2 - 1/30*u**5 + 1/120*u**6. Calculate x(w).
4
Suppose 6169*a + 2 = z + 6170*a, -4 = 2*a. Let y(t) = -t**3 + 3*t**2 + 12*t - 41. Calculate y(z).
-9
Suppose -c - 94 = -3*n, 3*n + 0*n - 90 = -3*c. Suppose 4*l = 43 - n. Suppose 3*u = -2*g + 10, -l = 3*g + 5*u - 20. Let s(x) = -x**2. What is s(g)?
-1
Let w = -81 - -130. Let o = w - 53. Let h be o*(-3)/(-6) - 4. Let p(s) = s**2 + 5*s + 1. Give p(h).
7
Let v be 24/(-21)*(-70)/20. Suppose 22 = v*y + 3*q, 0*y - 4*q + 16 = 2*y. Let h(c) = 1 + c + 1 + 3*c - 1. Calculate h(y).
17
Let y(i) = -i**3 + 17*i**2 - 3*i + 37. Let b(s) = s**2 - 33*s + 179. Let z be b(6). What is y(z)?
-14
Let h(q) = -20*q**2 + 8*q**2 + 10*q + 12*q**2 - q**2 - 33. Calculate h(7).
-12
Let g(c) = -33 - 159*c + 321*c + 16 - 159*c. Calculate g(-5).
-32
Let b(s) = s**3 + 8*s**2 + 7*s + 7. Suppose p + 4*g = -0*g - 12, 5*g - 7 = -4*p. Suppose p*k + k + 54 = 0. Determine b(k).
37
Let m = -69 + 69. Suppose 3*q - 5*a - 16 - 15 = m, -2*q - 2*a = -26. Let x be q/(-21) + 0 + (-190)/35. Let k(v) = v**3 + 7*v**2 + 8*v + 1